{"id":534,"date":"2021-04-14T18:47:46","date_gmt":"2021-04-14T18:47:46","guid":{"rendered":"https:\/\/www.navoti.de\/?page_id=534"},"modified":"2021-04-14T18:47:46","modified_gmt":"2021-04-14T18:47:46","slug":"was-ist-ein-heilpraktiker","status":"publish","type":"page","link":"https:\/\/www.navoti.de\/index.php\/meine-arbeit\/was-ist-ein-heilpraktiker\/","title":{"rendered":"Was ist ein Heilpraktiker"},"content":{"rendered":"<p>In Deutschland gibt es \u00c4rzte und Heilpraktiker und\u00a0 Gesundheitsfachberufe. Oft werden die Heilpraktiker, die \u00c4rzte ohne Bestallung sind,\u00a0 unter die Gesundheitsfachberufe gerechnet, was falsch ist und rechtliche Konsequenzen hat. <strong><u>Gesundheitsfachberufe sind zum Beispiel Physiotherapeuten oder Logop\u00e4den.<\/u><\/strong> Wenn diese Berufe ohne Anweisung eines Arztes arbeiten wollen, brauchen sie eine\u00a0 Heilpraktikererlaubnis nach HPG.\u00a0 Dann, wenn sie die Pr\u00fcfung daf\u00fcr bestanden haben und eine Ausbildung nachweisen k\u00f6nnen, d\u00fcrfen sie selbstst\u00e4ndig arbeiten, sonst nicht.<\/p>\n<p>&nbsp;<\/p>\n<p><strong>Ein in Deutschland ordentlich gepr\u00fcfter Heilpraktiker mit bestandener Pr\u00fcfung und belegter Heilpraktikererlaubnis hat nicht nur eine schwere Pr\u00fcfung bestanden (auf den Niveau eines 3 Staatsexamens), sondern hat eine Zulassung neben der Erlaubnis, die er durch die Pr\u00fcfung erwirbt, und verschiedene Versicherungspflichten. <\/strong><\/p>\n<p><strong>Er darf dann, wenn er nach \u00a7 1 HPG die Erlaubnis erworben hat,\u00a0 berufs- und gewerbsm\u00e4\u00dfig Krankheiten heilen und lindern, auch feststellen, und auch K\u00f6rpersch\u00e4den feststellen, behandeln und lindern. Dies darf er ganz selbstst\u00e4ndig, ohne die Anweisung oder Erlaubnis von einem Arzt, <\/strong><\/p>\n<p><strong>\u00a0<\/strong><\/p>\n<p>Die Bezeichnung \u201eHeilpraktiker\u201c darf nur nach \u00a7 1 Abs. 3 HPG eine Person f\u00fchren, die die oben genannten Bedingungen erf\u00fcllt.\u00a0 Also eine g\u00fcltige Heilpraktikererlaubnis, Zulassung und n\u00f6tige Versicherungen vorweisen kann.<\/p>\n<p><strong>\u00a0<\/strong><\/p>\n<p><strong>Heilpraktiker sind somit dazu befugt, selbst\u00e4ndig und eigenverantwortlich \u2013 das hei\u00dft ohne \u00e4rztliche Verordnung \u2013 heilkundliche Leistungen zu erbringen. \u00a7 1\u00a0 des Heilpraktikergesetzes stattet Heilpraktiker\u00a0 mit einer umfassenden, <u>selbstst\u00e4ndigen<\/u>\u00a0 und grunds\u00e4tzlichen heilkundlichen\u00a0 Befugnis aus. <\/strong><\/p>\n<p><strong>Dies schlie\u00dft bei heilkundlichen Fragen Weisungen Dritter aus. <\/strong><\/p>\n<p><strong>Vielmehr besitzt auch der Heilpraktiker ein Delegationsrecht gegen\u00fcber dem unselbst\u00e4ndigen Gesundheitsdienst und auch gegen\u00fcber \u00a0den Gesundheitsfachberufen. <\/strong><\/p>\n<p><strong>Dies gilt f\u00fcr \u00c4rzte und Psychotherapeuten durch ihre\u00a0 Approbation.\u00a0 F\u00fcr Heilpraktiker aufgrund ihrer Erlaubnis nach dem Heilpraktikergesetz. <\/strong>Deswegen entspricht der Status des Heilpraktikers dem von anderen freien Berufen wie \u00c4rzten, Rechtsanw\u00e4lten oder Architekten. Ein Heilpraktiker ist nicht der \u201everl\u00e4ngerte Arm\u201c eines approbierten Arztes, <u>der Heilpraktiker ist selbst\u00e4ndig<\/u>.\u00a0 Der Heilpraktiker f\u00fchrt rechtlich eine Arztpraxis als \u201eArzt ohne Bestallung\u201c,\u00a0 hat also die meisten Pflichten eines Arztes aber aus Bestimmungen der 40er Jahre des letztes\u00a0 Jahrhunderts heraus nicht alle Rechte.<\/p>\n","protected":false},"excerpt":{"rendered":"<p>In Deutschland gibt es \u00c4rzte und Heilpraktiker und\u00a0 Gesundheitsfachberufe. Oft werden die Heilpraktiker, die \u00c4rzte ohne Bestallung sind,\u00a0 unter die Gesundheitsfachberufe gerechnet, was falsch ist und rechtliche Konsequenzen hat. Gesundheitsfachberufe sind zum Beispiel Physiotherapeuten oder Logop\u00e4den. Wenn diese Berufe ohne Anweisung eines Arztes arbeiten wollen, brauchen sie eine\u00a0 Heilpraktikererlaubnis nach HPG.\u00a0 Dann, wenn sie die [&hellip;]<\/p>\n","protected":false},"author":6,"featured_media":0,"parent":38,"menu_order":0,"comment_status":"closed","ping_status":"closed","template":"","meta":[],"_links":{"self":[{"href":"https:\/\/www.navoti.de\/index.php\/wp-json\/wp\/v2\/pages\/534"}],"collection":[{"href":"https:\/\/www.navoti.de\/index.php\/wp-json\/wp\/v2\/pages"}],"about":[{"href":"https:\/\/www.navoti.de\/index.php\/wp-json\/wp\/v2\/types\/page"}],"author":[{"embeddable":true,"href":"https:\/\/www.navoti.de\/index.php\/wp-json\/wp\/v2\/users\/6"}],"replies":[{"embeddable":true,"href":"https:\/\/www.navoti.de\/index.php\/wp-json\/wp\/v2\/comments?post=534"}],"version-history":[{"count":1,"href":"https:\/\/www.navoti.de\/index.php\/wp-json\/wp\/v2\/pages\/534\/revisions"}],"predecessor-version":[{"id":535,"href":"https:\/\/www.navoti.de\/index.php\/wp-json\/wp\/v2\/pages\/534\/revisions\/535"}],"up":[{"embeddable":true,"href":"https:\/\/www.navoti.de\/index.php\/wp-json\/wp\/v2\/pages\/38"}],"wp:attachment":[{"href":"https:\/\/www.navoti.de\/index.php\/wp-json\/wp\/v2\/media?parent=534"}],"curies":[{"name":"wp","href":"https:\/\/api.w.org\/{rel}","templated":true}]}}