{"id":371,"date":"2018-06-04T09:27:41","date_gmt":"2018-06-04T09:27:41","guid":{"rendered":"http:\/\/www.navoti.de\/?page_id=371"},"modified":"2018-06-04T09:48:36","modified_gmt":"2018-06-04T09:48:36","slug":"datenschutz","status":"publish","type":"page","link":"https:\/\/www.navoti.de\/index.php\/impressum\/datenschutz\/","title":{"rendered":"Datenschutz"},"content":{"rendered":"<p>Datenschutzerkl\u00e4rung<\/p>\n<p>Die Datenschutzerkl\u00e4rung kl\u00e4rt Sie auf \u00fcber die Art, den Umfang und den Zweck der Verarbeitung ihrer personenbezogenen Daten. Dies findet statt innerhalb meines Onlineangebotes, der Web-Site navoti.de. Der Heilpraktikerpraxis Raphaela Kaiser. Im Hinblick auf die verwendeten Begrifflichkeiten wie Verarbeitung oder Verantwortlicher verweise ich auf Art. 4 der DSGVO.<\/p>\n<p>Verantwortliche<\/p>\n<p>Raphaela Kaiser<br \/>\nHeilpraktikerin<br \/>\nStadtrodaer Stra\u00dfe 79<br \/>\n07548 Gera<br \/>\nTel. 0365 552 38 57<br \/>\nMail raph.kaiser gmx.de<\/p>\n<p>Art der verarbeiteten Daten<\/p>\n<p>Bestandsdaten wie Name und Adresse<br \/>\nKontaktdaten wie Email oder Telefonnummer<br \/>\nZweck der Verarbeitung<\/p>\n<p>&#8211; Zuverf\u00fcgungstellung der Web-Site, ihrer Funktion und Inhalte<br \/>\n&#8211; Beantwortung von Kontaktanfragen und Kommunikation mit den Nutzern<\/p>\n<p>Zugriff auf die Daten hat nur die Verantwortliche Raphaela Kaiser<\/p>\n<p>Ihnen steht das Recht auf jederzeitige Auskunft, sowie Berichtigung und L\u00f6schung ihrer Daten zu.<\/p>\n<p>Verwendete Begrifflichkeiten<\/p>\n<p>Personenbezogene Daten sind alle Informationen, die sich auf eine nat\u00fcrlich Person beziehen.<\/p>\n<p>Verarbeitung ist jede mit oder ohne Hilfe automatischer Verfahren ausgef\u00fchrte Verarbeitung mit Bezug auf personenbezogene Daten.<\/p>\n<p>Verantwortlicher ist die nat\u00fcrliche oder juristische Person, Beh\u00f6rde oder Einrichtung oder andere Stelle, die \u00fcber die Zwecke und Mittel der Verarbeitung entscheidet<\/p>\n<p>Ma\u00dfgebliche Rechtsgrundlage<\/p>\n<p>Nach Art. 13 DSGVO teile ich Ihnen die Rechtsgrundlagen der Datenverarbeitung mit:<\/p>\n<p>1) Rechte der betroffenen Personen<\/p>\n<p>Sie haben das Recht, eine Best\u00e4tigung dar\u00fcber zu erlangen, wie Ihre Daten verarbeitet werden laut Art. 15 DSGVO.<\/p>\n<p>Sie haben das Recht, die Vervollst\u00e4ndigung der Daten oder deren Berichtigung zu verlangen laut Art. 16. DSGVO.<\/p>\n<p>Sie haben das Recht nach Art. 17 DSGVO zu verlangen, das ihre Daten unverz\u00fcglich gel\u00f6scht werden oder das nach Art. 18 DSGVO eine Einschr\u00e4nkung der Verarbeitung stattfindet.<\/p>\n<p>Widerspruchsrecht<\/p>\n<p>Sie k\u00f6nnen der k\u00fcnftigen Verarbeitung der Sie betreffenden Daten laut Art. 21 DSGVO jederzeit widersprechen.<\/p>\n<p>Kontaktaufnahme<\/p>\n<p>Bei der Kontaktausnahme per Kontaktformular oder Mail werden die Angaben des Nutzers laut Art. 6 Abs. 1 DSGVO verarbeitet.<\/p>\n<p>Google-Maps<\/p>\n<p>Ich binde die Landkarten des Dienstes \u201eGoogle-Maps\u201c des Anbieters Google LLC, 1600 Amphitheatre Parkway, Mountain View, CA 94043 USA ein. Zu den verarbeiteten Daten k\u00f6nnen IP Adressen und Standtortdaten der Nutzer geh\u00f6ren.<\/p>\n<p>YouTube<\/p>\n<p>Meine Website nutzt Plugins der von Google betriebenen Seite YouTube. Betreiber der Seiten ist die YouTube, LLC, 901 Cherry Ave., San Bruno, CA 94066, USA.<\/p>\n<p>Wenn Sie eine Seite aufrufen, die mit einem YouTube-Plugin ausgestattet ist , wird eine Verbindung zu den Servern von YouTube hergestellt. Dabei wird dem YouTube-Server mitgeteilt, welche Seiten Sie besucht haben.<\/p>\n<p>Wenn Sie sich in Ihrem YouTube-Account eingeloggt haben, erm\u00f6glichen Sie YouTube, Ihr Internetsurfverhalten direkt Ihrem pers\u00f6nlichen Profil zuzuordnen. Dies k\u00f6nnen Sie verhindern, indem Sie sich aus Ihrem YouTube-Account ausloggen.<\/p>\n<p>Die Nutzung von YouTube erfolgt im Interesse einer ansprechenden Darstellung unserer Online-Angebote. Dies stellt ein berechtigtes Interesse im Sinne von Art. 6 Abs. 1 lit. f DSGVO dar.<\/p>\n<p>Informationen zum Umgang mit Ihren Nutzerdaten finden Sie in der Datenschutzerkl\u00e4rung von YouTube:\u00a0<a href=\"https:\/\/www.google.de\/intl\/de\/policies\/privacy\" target=\"_blank\" rel=\"noopener\">https:\/\/www.google.de\/intl\/de\/policies\/privacy<\/a>.<\/p>\n","protected":false},"excerpt":{"rendered":"<p>Datenschutzerkl\u00e4rung Die Datenschutzerkl\u00e4rung kl\u00e4rt Sie auf \u00fcber die Art, den Umfang und den Zweck der Verarbeitung ihrer personenbezogenen Daten. Dies findet statt innerhalb meines Onlineangebotes, der Web-Site navoti.de. Der Heilpraktikerpraxis Raphaela Kaiser. Im Hinblick auf die verwendeten Begrifflichkeiten wie Verarbeitung oder Verantwortlicher verweise ich auf Art. 4 der DSGVO. Verantwortliche Raphaela Kaiser Heilpraktikerin Stadtrodaer Stra\u00dfe [&hellip;]<\/p>\n","protected":false},"author":6,"featured_media":0,"parent":94,"menu_order":0,"comment_status":"closed","ping_status":"closed","template":"guestbook.php","meta":[],"_links":{"self":[{"href":"https:\/\/www.navoti.de\/index.php\/wp-json\/wp\/v2\/pages\/371"}],"collection":[{"href":"https:\/\/www.navoti.de\/index.php\/wp-json\/wp\/v2\/pages"}],"about":[{"href":"https:\/\/www.navoti.de\/index.php\/wp-json\/wp\/v2\/types\/page"}],"author":[{"embeddable":true,"href":"https:\/\/www.navoti.de\/index.php\/wp-json\/wp\/v2\/users\/6"}],"replies":[{"embeddable":true,"href":"https:\/\/www.navoti.de\/index.php\/wp-json\/wp\/v2\/comments?post=371"}],"version-history":[{"count":6,"href":"https:\/\/www.navoti.de\/index.php\/wp-json\/wp\/v2\/pages\/371\/revisions"}],"predecessor-version":[{"id":380,"href":"https:\/\/www.navoti.de\/index.php\/wp-json\/wp\/v2\/pages\/371\/revisions\/380"}],"up":[{"embeddable":true,"href":"https:\/\/www.navoti.de\/index.php\/wp-json\/wp\/v2\/pages\/94"}],"wp:attachment":[{"href":"https:\/\/www.navoti.de\/index.php\/wp-json\/wp\/v2\/media?parent=371"}],"curies":[{"name":"wp","href":"https:\/\/api.w.org\/{rel}","templated":true}]}}