{"id":27,"date":"2011-03-16T07:49:36","date_gmt":"2011-03-16T07:49:36","guid":{"rendered":"http:\/\/www.navoti.de\/navoti\/?page_id=27"},"modified":"2017-12-29T11:45:39","modified_gmt":"2017-12-29T11:45:39","slug":"torfolmassagen","status":"publish","type":"page","link":"https:\/\/www.navoti.de\/index.php\/naturheilpraxis\/torfolmassagen\/","title":{"rendered":"Torf\u00f6lmassagen"},"content":{"rendered":"<p>Die Torf\u00f6lmassagen sind die Verbindung von klassischer Massage mit der Idee von Rudolf Steiner, dass die Verwandtschaft von Torf und Nervensystem heilend ist.<br \/>\nEine Torf\u00f6lmassage ist wohltuend bei Stress und Ersch\u00f6pfung weit \u00fcber die normale klassische Massage hinaus und ist eine wunderbare Erg\u00e4nzung zur Biodynamischen Massage, die ohne \u00d6l auskommt.<\/p>\n","protected":false},"excerpt":{"rendered":"<p>Die Torf\u00f6lmassagen sind die Verbindung von klassischer Massage mit der Idee von Rudolf Steiner, dass die Verwandtschaft von Torf und Nervensystem heilend ist. Eine Torf\u00f6lmassage ist wohltuend bei Stress und Ersch\u00f6pfung weit \u00fcber die normale klassische Massage hinaus und ist eine wunderbare Erg\u00e4nzung zur Biodynamischen Massage, die ohne \u00d6l auskommt.<\/p>\n","protected":false},"author":2,"featured_media":0,"parent":6,"menu_order":0,"comment_status":"closed","ping_status":"closed","template":"","meta":[],"_links":{"self":[{"href":"https:\/\/www.navoti.de\/index.php\/wp-json\/wp\/v2\/pages\/27"}],"collection":[{"href":"https:\/\/www.navoti.de\/index.php\/wp-json\/wp\/v2\/pages"}],"about":[{"href":"https:\/\/www.navoti.de\/index.php\/wp-json\/wp\/v2\/types\/page"}],"author":[{"embeddable":true,"href":"https:\/\/www.navoti.de\/index.php\/wp-json\/wp\/v2\/users\/2"}],"replies":[{"embeddable":true,"href":"https:\/\/www.navoti.de\/index.php\/wp-json\/wp\/v2\/comments?post=27"}],"version-history":[{"count":2,"href":"https:\/\/www.navoti.de\/index.php\/wp-json\/wp\/v2\/pages\/27\/revisions"}],"predecessor-version":[{"id":45,"href":"https:\/\/www.navoti.de\/index.php\/wp-json\/wp\/v2\/pages\/27\/revisions\/45"}],"up":[{"embeddable":true,"href":"https:\/\/www.navoti.de\/index.php\/wp-json\/wp\/v2\/pages\/6"}],"wp:attachment":[{"href":"https:\/\/www.navoti.de\/index.php\/wp-json\/wp\/v2\/media?parent=27"}],"curies":[{"name":"wp","href":"https:\/\/api.w.org\/{rel}","templated":true}]}}