{"id":191,"date":"2013-03-15T15:46:19","date_gmt":"2013-03-15T15:46:19","guid":{"rendered":"http:\/\/www.navoti.de\/?page_id=191"},"modified":"2017-12-29T11:45:39","modified_gmt":"2017-12-29T11:45:39","slug":"tcm","status":"publish","type":"page","link":"https:\/\/www.navoti.de\/index.php\/naturheilpraxis\/tcm\/","title":{"rendered":"TCM und k\u00f6rpertherapeutische Akupunktur"},"content":{"rendered":"<p>Vor zehn Jahren habe ich eine Ausbildung in Traditioneller Chinesischer Medizin in der Heilpraktikerschule <a href=\"http:\/\/www.suwen.de\/\" target=\"_blank\">SU WEN <\/a>in N\u00fcrnberg absolviert. Seit dieser Zeit arbeite ich in der Praxis mit Akupunktur, 5-Elemente Ern\u00e4hrung, Chinesischer Kr\u00e4uterheilkunde mit europ\u00e4ischen Kr\u00e4utern, Qi Gong und Massagen. Ich habe die k\u00f6rpertherapeutischen Gedanken und Massagen mit der Akupressur und vor allem auch mit dem Qi Gong der &#8222;Acht Brokate&#8220; im Laufe der Jahre verbunden, was sich als sehr effektiv erwiesen hat.<\/p>\n<p>Mit der 5-Elemente Ern\u00e4hrung als Grundlage, mit westlichen Nahrungsmitteln, und der k\u00f6rpertherapeutischen Akupressur lassen sich viele St\u00f6rungen, vor allem krampfhafte Probleme, wie Tics, Paresen und Nervenst\u00f6rungen oft einfach und effektiv behandeln, wie zum Beispiel bei Hemispasmen, Epilepsie, Migr\u00e4ne und \u00c4hnlichem. Es ist daf\u00fcr naturgem\u00e4\u00df etwas Zeit einzuplanen, dies kann bei einer chronischen Krankheit auch eine Therapiedauer von 1 &#8211; 2 Jahren umfassen, mit einem einst\u00fcndigen Termin alle 2 &#8211; 3 Wochen. Dies stimmt mit den Erfahrungen der chinesischen Medizin \u00fcberein.<\/p>\n<p>Meine Akupunktur ist aus der K\u00f6rpertherapie nach Gerda Boyesen entstanden. Das hei\u00dft, es werden nicht die Nadeln &#8222;in den Patienten eingef\u00fcgt&#8220; nach &#8222;Schema F&#8220;, sondern der K\u00f6rper wird mit Stethoskop auf dem Bauch des Patienten\u00a0 gefragt,\u00a0 wo die Nadel passt, wie tief die Nadel gestochen wird,\u00a0 auch auf welche Weise. Das hat den Vorteil, das dies wenig schmerzhaft ist, und es ist viel wirkungsvoller, weil man keine Widerst\u00e4nde \u00fcbergeht und es zerst\u00f6rt nicht die Struktur des Akupunkturpunktes, den Heine-K\u00f6rper, man kann den Punkt so oft stechen, wie man will, denn, man glaubt es nicht, der Punkt zieht sich die Nadel selber ein, so tief wie er will. Man kann auch nie den falschen Punkt erwischen, denn dann passiert nichts, der K\u00f6rper nimmt sich die Nadel nicht rein. Und der Punkt zeigt selber an, ob er beruhigt werden will, also sanft hin und her dreht, oder angeregt, dann pulsiert der Punkt.\u00a0 Mit dem Stethoskop auf dem Bauch kann man \u00fcber den Bindegewebsfluss vom D\u00fcnndarm genau h\u00f6ren, was man da so tut, denn es entstehen, wie bei der Biodynamischen Massage,\u00a0 verschiedene Ger\u00e4usche. Ich w\u00fcrde es bemerken, wenn ich zuviel tue, auch wenn\u00a0 garnichts passiert, denn\u00a0 dann gibt es keine Darmger\u00e4usche. Das ist nicht traditionell chinesisch und steht so in keinem Lehrbuch, das ist nach zehn Jahren Arbeit und Erfahrung aus meiner\u00a0\u00a0 Praxis so entstanden und funktioniert gut. Ich habe zuerst Akupressur gemacht\u00a0 und Kinesiologie, dann japanische Akupunktur, wo die Nadel nur aufgesetzt wird und zu meinem Entz\u00fccken hat die Nadel sich dann irgendwann von selber eingef\u00fcgt. Also f\u00fcr Spezialisten: Es war keine japanische Nadel, sondern eine Kupfernadel von megro, 0,25 mm.<\/p>\n<p>&nbsp;<\/p>\n<p>&nbsp;<\/p>\n<p>&nbsp;<\/p>\n","protected":false},"excerpt":{"rendered":"<p>Vor zehn Jahren habe ich eine Ausbildung in Traditioneller Chinesischer Medizin in der Heilpraktikerschule SU WEN in N\u00fcrnberg absolviert. Seit dieser Zeit arbeite ich in der Praxis mit Akupunktur, 5-Elemente Ern\u00e4hrung, Chinesischer Kr\u00e4uterheilkunde mit europ\u00e4ischen Kr\u00e4utern, Qi Gong und Massagen. Ich habe die k\u00f6rpertherapeutischen Gedanken und Massagen mit der Akupressur und vor allem auch mit [&hellip;]<\/p>\n","protected":false},"author":2,"featured_media":0,"parent":6,"menu_order":0,"comment_status":"open","ping_status":"closed","template":"","meta":[],"_links":{"self":[{"href":"https:\/\/www.navoti.de\/index.php\/wp-json\/wp\/v2\/pages\/191"}],"collection":[{"href":"https:\/\/www.navoti.de\/index.php\/wp-json\/wp\/v2\/pages"}],"about":[{"href":"https:\/\/www.navoti.de\/index.php\/wp-json\/wp\/v2\/types\/page"}],"author":[{"embeddable":true,"href":"https:\/\/www.navoti.de\/index.php\/wp-json\/wp\/v2\/users\/2"}],"replies":[{"embeddable":true,"href":"https:\/\/www.navoti.de\/index.php\/wp-json\/wp\/v2\/comments?post=191"}],"version-history":[{"count":10,"href":"https:\/\/www.navoti.de\/index.php\/wp-json\/wp\/v2\/pages\/191\/revisions"}],"predecessor-version":[{"id":270,"href":"https:\/\/www.navoti.de\/index.php\/wp-json\/wp\/v2\/pages\/191\/revisions\/270"}],"up":[{"embeddable":true,"href":"https:\/\/www.navoti.de\/index.php\/wp-json\/wp\/v2\/pages\/6"}],"wp:attachment":[{"href":"https:\/\/www.navoti.de\/index.php\/wp-json\/wp\/v2\/media?parent=191"}],"curies":[{"name":"wp","href":"https:\/\/api.w.org\/{rel}","templated":true}]}}