{"id":19,"date":"2011-03-16T07:48:10","date_gmt":"2011-03-16T07:48:10","guid":{"rendered":"http:\/\/www.navoti.de\/navoti\/?page_id=19"},"modified":"2017-12-29T11:45:39","modified_gmt":"2017-12-29T11:45:39","slug":"kinesiologie","status":"publish","type":"page","link":"https:\/\/www.navoti.de\/index.php\/naturheilpraxis\/kinesiologie\/","title":{"rendered":"Kinesiologie"},"content":{"rendered":"<h3>Touch for Health<\/h3>\n<p>Die Energiebahnen, die man aus Akupunktur kennt, k\u00f6nnen nicht nur mit Nadeln, sondern auch mit der Behandlung von Druckpunkten aktiviert werden. Diese Akupressur ist in der Kinesiologie noch verbunden mit dem Wissen \u00fcber die Beziehungen zur Muskelspannungen und Organen, etwas anders als in der chinischischen Medizin. So k\u00f6nnen sehr einfach Muskeln und Organe wieder gest\u00e4rkt und auch geheilt werden und der Erfolg l\u00e4\u00dft sich \u00fcber Muskeltests direkt sichtbar machen. Dies ist sehr wichtig, da viele erfolgreiche Therapien nicht wirken k\u00f6nnen, wenn die Muskeln und Energiebahnen geschw\u00e4cht und nicht aktiv sind. Es ist mir wichtig, \u00fcber die Arbeit mit Fingerreflexzonen dies im Alltag den Patienten verf\u00fcgbar zu machen.<\/p>\n<p>&nbsp;<\/p>\n","protected":false},"excerpt":{"rendered":"<p>Touch for Health Die Energiebahnen, die man aus Akupunktur kennt, k\u00f6nnen nicht nur mit Nadeln, sondern auch mit der Behandlung von Druckpunkten aktiviert werden. Diese Akupressur ist in der Kinesiologie noch verbunden mit dem Wissen \u00fcber die Beziehungen zur Muskelspannungen und Organen, etwas anders als in der chinischischen Medizin. So k\u00f6nnen sehr einfach Muskeln und [&hellip;]<\/p>\n","protected":false},"author":2,"featured_media":0,"parent":6,"menu_order":0,"comment_status":"open","ping_status":"open","template":"","meta":[],"_links":{"self":[{"href":"https:\/\/www.navoti.de\/index.php\/wp-json\/wp\/v2\/pages\/19"}],"collection":[{"href":"https:\/\/www.navoti.de\/index.php\/wp-json\/wp\/v2\/pages"}],"about":[{"href":"https:\/\/www.navoti.de\/index.php\/wp-json\/wp\/v2\/types\/page"}],"author":[{"embeddable":true,"href":"https:\/\/www.navoti.de\/index.php\/wp-json\/wp\/v2\/users\/2"}],"replies":[{"embeddable":true,"href":"https:\/\/www.navoti.de\/index.php\/wp-json\/wp\/v2\/comments?post=19"}],"version-history":[{"count":5,"href":"https:\/\/www.navoti.de\/index.php\/wp-json\/wp\/v2\/pages\/19\/revisions"}],"predecessor-version":[{"id":264,"href":"https:\/\/www.navoti.de\/index.php\/wp-json\/wp\/v2\/pages\/19\/revisions\/264"}],"up":[{"embeddable":true,"href":"https:\/\/www.navoti.de\/index.php\/wp-json\/wp\/v2\/pages\/6"}],"wp:attachment":[{"href":"https:\/\/www.navoti.de\/index.php\/wp-json\/wp\/v2\/media?parent=19"}],"curies":[{"name":"wp","href":"https:\/\/api.w.org\/{rel}","templated":true}]}}