{"id":15,"date":"2011-03-16T07:47:32","date_gmt":"2011-03-16T07:47:32","guid":{"rendered":"http:\/\/www.navoti.de\/navoti\/?page_id=15"},"modified":"2017-12-29T11:45:39","modified_gmt":"2017-12-29T11:45:39","slug":"ernahrungsberatung","status":"publish","type":"page","link":"https:\/\/www.navoti.de\/index.php\/naturheilpraxis\/ernahrungsberatung\/","title":{"rendered":"Ern\u00e4hrungsberatung"},"content":{"rendered":"<h3>Wozu denn das?<\/h3>\n<p>Stellen Sie sich vor, ihr Nachbar w\u00fcrde sich beschweren, dass er sein Auto nicht wahllos mit Diesel, bleifreiem Benzin oder Super fahren kann. Wenn die Signallampe anzeigt, dass der Motor gelitten hat, w\u00fcrde er, statt in die Werkstatt zu fahren, die Lampe ausschrauben.<br \/>\nSie lachen, aber genau dies findet heute in Bezug auf die Ern\u00e4hrung der Menschen jeden Tag statt.<\/p>\n<p>Der Mensch ist auf \u00fcberwiegende (einheimische) Pflanzenkost eingestellt, nicht ausschlie\u00dflich, aber \u00fcberwiegend. Der menschliche Darm ist der lange, gewundene Darm eines Pflanzenfressers, nicht der kurze glatte Darm der Raubtiere. Mehr als etwa 10-15% tierisches Eiwei\u00df f\u00fchren zu vielen Krankheiten, Rheuma, Gicht, Karies, Gelenkerkrankungen, Allergien und zu \u00dcbers\u00e4uerung. Auszugsmehle ohne Randschichten und Keim, Raffinadezucker und billige Fette tun ihr \u00fcbriges dazu. Es kann keine Heilung geben, wenn st\u00e4ndig &#8222;der falsche Stoff eingef\u00fcllt wird&#8220;.<\/p>\n<p>Im Zusammenhang mit der Biodynamischen Massage kann die Selbstregulation, also das selbst\u00e4ndige Abbauen von Stress \u00fcber den Bindegewebsfluss des D\u00fcnndarms, nur funktionieren, wenn der Darm nicht mit unnat\u00fcrlicher Zivilisationskost gequ\u00e4lt wird. Zwei Drittel des Nerensystems sitzen im Darm und die muss man pflegen. Auch viele schwere Medikamente &#8222;wirken&#8220;, in dem sie diese Regulation st\u00f6ren.<\/p>\n","protected":false},"excerpt":{"rendered":"<p>Wozu denn das? Stellen Sie sich vor, ihr Nachbar w\u00fcrde sich beschweren, dass er sein Auto nicht wahllos mit Diesel, bleifreiem Benzin oder Super fahren kann. Wenn die Signallampe anzeigt, dass der Motor gelitten hat, w\u00fcrde er, statt in die Werkstatt zu fahren, die Lampe ausschrauben. Sie lachen, aber genau dies findet heute in Bezug [&hellip;]<\/p>\n","protected":false},"author":2,"featured_media":0,"parent":6,"menu_order":0,"comment_status":"open","ping_status":"open","template":"","meta":[],"_links":{"self":[{"href":"https:\/\/www.navoti.de\/index.php\/wp-json\/wp\/v2\/pages\/15"}],"collection":[{"href":"https:\/\/www.navoti.de\/index.php\/wp-json\/wp\/v2\/pages"}],"about":[{"href":"https:\/\/www.navoti.de\/index.php\/wp-json\/wp\/v2\/types\/page"}],"author":[{"embeddable":true,"href":"https:\/\/www.navoti.de\/index.php\/wp-json\/wp\/v2\/users\/2"}],"replies":[{"embeddable":true,"href":"https:\/\/www.navoti.de\/index.php\/wp-json\/wp\/v2\/comments?post=15"}],"version-history":[{"count":2,"href":"https:\/\/www.navoti.de\/index.php\/wp-json\/wp\/v2\/pages\/15\/revisions"}],"predecessor-version":[{"id":258,"href":"https:\/\/www.navoti.de\/index.php\/wp-json\/wp\/v2\/pages\/15\/revisions\/258"}],"up":[{"embeddable":true,"href":"https:\/\/www.navoti.de\/index.php\/wp-json\/wp\/v2\/pages\/6"}],"wp:attachment":[{"href":"https:\/\/www.navoti.de\/index.php\/wp-json\/wp\/v2\/media?parent=15"}],"curies":[{"name":"wp","href":"https:\/\/api.w.org\/{rel}","templated":true}]}}